 of 1118?
1
What is the thousands digit of 8154?
8
What is the tens digit of 25240?
4
What is the tens digit of 34819?
1
What is the tens digit of 175?
7
What is the tens digit of 2730?
3
What is the units digit of 207?
7
What is the hundreds digit of 486?
4
What is the hundreds digit of 36518?
5
What is the tens digit of 152581?
8
What is the thousands digit of 1587?
1
What is the units digit of 48628?
8
What is the units digit of 54718?
8
What is the thousands digit of 1553?
1
What is the units digit of 46571?
1
What is the thousands digit of 1643?
1
What is the tens digit of 13233?
3
What is the hundreds digit of 847?
8
What is the tens digit of 29079?
7
What is the thousands digit of 6605?
6
What is the tens digit of 1119?
1
What is the units digit of 5667?
7
What is the thousands digit of 107349?
7
What is the tens digit of 6401?
0
What is the hundreds digit of 822?
8
What is the units digit of 4021?
1
What is the hundreds digit of 91529?
5
What is the thousands digit of 32578?
2
What is the tens digit of 159?
5
What is the thousands digit of 7111?
7
What is the ten thousands digit of 16855?
1
What is the thousands digit of 37446?
7
What is the tens digit of 1287?
8
What is the ten thousands digit of 10432?
1
What is the thousands digit of 32077?
2
What is the units digit of 2904?
4
What is the tens digit of 581?
8
What is the tens digit of 1608?
0
What is the units digit of 77296?
6
What is the ten thousands digit of 18391?
1
What is the hundreds digit of 2756?
7
What is the units digit of 18718?
8
What is the thousands digit of 42901?
2
What is the tens digit of 523?
2
What is the hundreds digit of 380?
3
What is the tens digit of 21773?
7
What is the tens digit of 103420?
2
What is the units digit of 720?
0
What is the ten thousands digit of 191558?
9
What is the hundreds digit of 979?
9
What is the thousands digit of 64249?
4
What is the tens digit of 2748?
4
What is the units digit of 55581?
1
What is the hundreds digit of 1318?
3
What is the units digit of 4871?
1
What is the ten thousands digit of 12530?
1
What is the thousands digit of 7019?
7
What is the tens digit of 284?
8
What is the ten thousands digit of 20090?
2
What is the hundreds digit of 7601?
6
What is the units digit of 14851?
1
What is the tens digit of 7927?
2
What is the thousands digit of 41921?
1
What is the tens digit of 766?
6
What is the hundreds digit of 107550?
5
What is the tens digit of 645?
4
What is the tens digit of 66133?
3
What is the units digit of 18549?
9
What is the tens digit of 5614?
1
What is the hundreds digit of 2141?
1
What is the hundreds digit of 152?
1
What is the ten thousands digit of 39860?
3
What is the units digit of 1360?
0
What is the thousands digit of 1421?
1
What is the units digit of 15372?
2
What is the hundreds digit of 16406?
4
What is the thousands digit of 2023?
2
What is the units digit of 3410?
0
What is the units digit of 11740?
0
What is the units digit of 2363?
3
What is the hundreds digit of 5956?
9
What is the units digit of 2247?
7
What is the hundreds digit of 5757?
7
What is the thousands digit of 69928?
9
What is the hundreds digit of 625?
6
What is the hundreds digit of 507?
5
What is the hundreds digit of 15132?
1
What is the units digit of 10663?
3
What is the thousands digit of 24777?
4
What is the hundreds digit of 1985?
9
What is the ten thousands digit of 15767?
1
What is the units digit of 9641?
1
What is the units digit of 94671?
1
What is the units digit of 3928?
8
What is the hundreds digit of 586?
5
What is the units digit of 6070?
0
What is the hundreds digit of 2124?
1
What is the thousands digit of 3291?
3
What is the thousands digit of 33409?
3
What is the hundreds digit of 1374?
3
What is the thousands digit of 2946?
2
What is the ten thousands digit of 74853?
7
What is the units digit of 36321?
1
What is the units digit of 701?
1
What is the units digit of 875?
5
What is the tens digit of 9055?
5
What is the hundreds digit of 23898?
8
What is the thousands digit of 3057?
3
What is the units digit of 953?
3
What is the hundreds digit of 682?
6
What is the hundreds digit of 1691?
6
What is the units digit of 46868?
8
What is the hundreds digit of 864?
8
What is the thousands digit of 1400?
1
What is the tens digit of 43086?
8
What is the units digit of 1276?
6
What is the tens digit of 176?
7
What is the ten thousands digit of 15417?
1
What is the tens digit of 606?
0
What is the tens digit of 2066?
6
What is the tens digit of 2367?
6
What is the units digit of 8800?
0
What is the tens digit of 4167?
6
What is the thousands digit of 2727?
2
What is the hundreds digit of 2381?
3
What is the units digit of 1143?
3
What is the tens digit of 35303?
0
What is the thousands digit of 7835?
7
What is the tens digit of 1085?
8
What is the thousands digit of 1034?
1
What is the ten thousands digit of 112353?
1
What is the thousands digit of 9930?
9
What is the thousands digit of 5375?
5
What is the thousands digit of 86567?
6
What is the tens digit of 105219?
1
What is the tens digit of 13344?
4
What is the units digit of 8879?
9
What is the hundreds digit of 1609?
6
What is the thousands digit of 25471?
5
What is the hundred thousands digit of 155100?
1
What is the hundreds digit of 1910?
9
What is the hundreds digit of 1555?
5
What is the thousands digit of 3120?
3
What is the units digit of 627?
7
What is the units digit of 14196?
6
What is the tens digit of 57574?
7
What is the units digit of 818?
8
What is the tens digit of 114089?
8
What is the tens digit of 1154?
5
What is the units digit of 55032?
2
What is the units digit of 18978?
8
What is the units digit of 1403?
3
What is the hundreds digit of 105103?
1
What is the ten thousands digit of 80404?
8
What is the hundreds digit of 3905?
9
What is the units digit of 35580?
0
What is the hundreds digit of 3042?
0
What is the units digit of 952?
2
What is the ten thousands digit of 13762?
1
What is the units digit of 16781?
1
What is the hundred thousands digit of 148225?
1
What is the hundreds digit of 238?
2
What is the units digit of 1388?
8
What is the hundreds digit of 26454?
4
What is the tens digit of 18675?
7
What is the tens digit of 2044?
4
What is the units digit of 79?
9
What is the tens digit of 608?
0
What is the tens digit of 1122?
2
What is the units digit of 33042?
2
What is the tens digit of 1372?
7
What is the hundreds digit of 8432?
4
What is the hundreds digit of 16163?
1
What is the hundreds digit of 13101?
1
What is the thousands digit of 2906?
2
What is the tens digit of 34911?
1
What is the hundreds digit of 1522?
5
What is the thousands digit of 46046?
6
What is the units digit of 856?
6
What is the tens digit of 3368?
6
What is the tens digit of 479?
7
What is the ten thousands digit of 73372?
7
What is the thousands digit of 7572?
7
What is the units digit of 2634?
4
What is the thousands digit of 3115?
3
What is the tens digit of 2349?
4
What is the tens digit of 775?
7
What is the hundreds digit of 2286?
2
What is the units digit of 2774?
4
What is the hundreds digit of 5075?
0
What is the thousands digit of 10339?
0
What is the tens digit of 8082?
8
What is the ten thousands digit of 15683?
1
What is the units digit of 10880?
0
What is the hundreds digit of 3614?
6
What is the tens digit of 36764?
6
What is the hundreds digit of 3270?
2
What is the thousands digit of 3289?
3
What is the ten thousands digit of 12061?
1
What is the tens digit of 1060?
6
What is the tens digit of 1015?
1
What is the thousands digit of 100090?
0
What is the units digit of 95255?
5
What is the hundreds digit of 173?
1
What is the units digit of 2197?
7
What is the tens digit of 319?
1
What is the units digit of 7747?
7
What is the hundred thousands digit of 127130?
1
What is the hundreds digit of 22093?
0
What is the units digit of 21231?
1
What is the thousands digit of 1600?
1
What is the tens digit of 1884?
8
What is the hundreds digit of 16432?
4
What is the tens digit of 973?
7
What is the thousands digit of 38120?
8
What is the hundreds digit of 349?
3
What is the units digit of 7157?
7
What is the hundreds digit of 1260?
2
What is the tens digit of 1894?
9
What is the hundreds digit of 3688?
6
What is the ten thousands digit of 83